 base 10, what is -1014680 + -420?
-1015100
In base 13, what is c8b + -135?
b56
In base 16, what is -28d2d - -369?
-289c4
In base 8, what is -2 + -55230201?
-55230203
In base 2, what is -101110110100 + -100000101000101?
-100110011111001
In base 6, what is -24110 - -123223?
55113
In base 3, what is 1102 - 200120120211?
-200120112102
In base 4, what is -110332002231 - 2?
-110332002233
In base 6, what is 1351521405 - 1?
1351521404
In base 7, what is -35366 + 235336?
166640
In base 11, what is -18a0 - -1254a5?
123705
In base 6, what is -311234125 + -1?
-311234130
In base 2, what is 10000010000 + -1011111101?
100010011
In base 12, what is 8810a0 + 3?
8810a3
In base 15, what is 7a3 + 4c55?
5508
In base 3, what is -1002122002 - 102121?
-1010001200
In base 14, what is 75824 - -268?
75a8c
In base 6, what is -105311 - -12514?
-52353
In base 7, what is 12 + 6301654?
6301666
In base 7, what is -633 + 22354?
21421
In base 9, what is 42287 + 22125?
64423
In base 5, what is -10402231 - 220?
-10403001
In base 10, what is 112 + -556628?
-556516
In base 2, what is -10 + -10110101110110001010101100000?
-10110101110110001010101100010
In base 2, what is -1110111000111111010010 - 0?
-1110111000111111010010
In base 12, what is 160278 - 9?
16026b
In base 15, what is a7e69d - 5?
a7e698
In base 6, what is -40512540 + -10?
-40512550
In base 7, what is 350316541 + -2?
350316536
In base 12, what is -199ab1 - 42a?
-19a31b
In base 14, what is -dbc0239c + -3?
-dbc023a1
In base 15, what is 23 + -6e91be?
-6e919b
In base 10, what is 9222983 + -3?
9222980
In base 15, what is 1469c - -b2?
1475e
In base 5, what is -4 + 112233440330?
112233440321
In base 16, what is 1d - -669290?
6692ad
In base 14, what is -2406b2 - -c?
-2406a4
In base 16, what is 690 - 1afd8?
-1a948
In base 3, what is 12 + -1211010100220?
-1211010100201
In base 7, what is -10014 - 3154?
-13201
In base 13, what is -22a - 9513?
-9740
In base 15, what is 6d08 - a1?
6c57
In base 7, what is 4 - -234333531?
234333535
In base 10, what is -1043 + 1369?
326
In base 14, what is 0 + 14bb7ac4?
14bb7ac4
In base 6, what is -104 - -120052?
115544
In base 7, what is -405 - -65416?
65011
In base 16, what is -1ea - -9479?
928f
In base 4, what is -22 + -220120123?
-220120211
In base 14, what is 7 + 3162d06?
3162d0d
In base 6, what is 342301 - -115?
342420
In base 3, what is -2002002200 - 201111?
-2002211011
In base 9, what is -22483 - 24001?
-46484
In base 5, what is 12342 + 10012234?
10030131
In base 4, what is -132130231 + -11102?
-132201333
In base 2, what is -11000001011000010 + 1101011?
-11000001001010111
In base 12, what is -6153 - -6872?
71b
In base 15, what is 78 + -565d?
-55d5
In base 14, what is 15c + 3031?
318d
In base 2, what is -110011011000001 - -1011101001000?
-100111101111001
In base 11, what is 4 - 132a2a78?
-132a2a74
In base 5, what is -213243010 - -442?
-213242013
In base 10, what is -1 + 827571?
827570
In base 13, what is -7 - -10a0a96b?
10a0a964
In base 5, what is -421312330144 + 1?
-421312330143
In base 13, what is 6 - c311a6?
-c311a0
In base 5, what is -12 + -10441121?
-10441133
In base 3, what is 2011100 + -22011010?
-12222210
In base 14, what is -322 + -5b32?
-6054
In base 11, what is -a556aa7 - -3?
-a556aa4
In base 13, what is -588 - 43250?
-43808
In base 2, what is -100010000001000111010010 + -101?
-100010000001000111010111
In base 4, what is 1131 + 3000033?
3001230
In base 9, what is -228581013 + 2?
-228581011
In base 8, what is 4 + 5141035?
5141041
In base 12, what is -3 - 302119?
-302120
In base 4, what is -1302310 + -33031210?
-101000120
In base 12, what is -2 - -1a86909?
1a86907
In base 3, what is -122020 - 11110000102210?
-11110001002000
In base 6, what is -1024 - -20103302?
20102234
In base 14, what is 58 + -20034a?
-2002d2
In base 4, what is 1033323301202 + 10?
1033323301212
In base 9, what is -43254 - 3144?
-46408
In base 12, what is 1658 - -1b9a?
3636
In base 9, what is -363 - -2212305?
2211832
In base 2, what is 1000010101 - -110010101100010000?
110010110100100101
In base 13, what is -146 - 8946?
-8a8c
In base 5, what is 11224423 - -11332?
11241310
In base 6, what is 4005 - -1422110?
1430115
In base 6, what is -12434141001 + -1?
-12434141002
In base 9, what is 2511632 - 60?
2511562
In base 14, what is -2cc - 32bc?
-35aa
In base 13, what is 9440 - 895?
8878
In base 16, what is -139 - 33183?
-332bc
In base 13, what is 4274a13 - 4?
4274a0c
In base 16, what is 3 - -7de5b7?
7de5ba
In base 3, what is -111112222221 + -21111?
-111120021102
In base 2, what is -101100110111101001001000000 + -100?
-101100110111101001001000100
In base 3, what is -200212012 - 211010?
-201200022
In base 6, what is -11 - 10101353?
-10101404
In base 16, what is 2b + 109002?
10902d
In base 9, what is 5022 + -8285?
-3263
In base 11, what is 65991787 + -3?
65991784
In base 7, what is -1533215 - 146?
-1533364
In base 3, what is -10201020001221201 - 2?
-10201020001221210
In base 2, what is -101100110111 + -10001101000010010?
-10010010101001001
In base 16, what is 4 + 28b5760?
28b5764
In base 3, what is 11001100000021100012 + -11?
11001100000021100001
In base 6, what is 2201520 + 123410?
2325330
In base 8, what is 0 - 73760171?
-73760171
In base 2, what is -10 + -100011111011000001100?
-100011111011000001110
In base 16, what is -4 + 41997de?
41997da
In base 9, what is 362762 - -33?
362805
In base 4, what is -3130011112012 + 0?
-3130011112012
In base 8, what is 2 - -36267510?
36267512
In base 2, what is 110001111111010011010011101 + 101?
110001111111010011010100010
In base 5, what is 2341 + 11430421?
11433312
In base 4, what is 203 + 1300201123?
1300201332
In base 15, what is 737 + -69a?
8c
In base 2, what is 11 + 1101111010001110101100010?
1101111010001110101100101
In base 12, what is 0 + 64a873?
64a873
In base 2, what is 10 + 1001110100111011100?
1001110100111011110
In base 3, what is 21112011 - 1201101?
12210210
In base 5, what is -142 - 232444032?
-232444224
In base 10, what is 4367471 + -5?
4367466
In base 10, what is -840 + -308524?
-309364
In base 15, what is 3c20 + -30e0?
b30
In base 9, what is 14 + 1745874?
1745888
In base 9, what is 5 - -3084458?
3084464
In base 14, what is -29b1 - 14287?
-16c58
In base 16, what is -18c - 12471?
-125fd
In base 3, what is -221122102100 - -22120?
-221122002210
In base 11, what is 91277 + 72?
91339
In base 12, what is 1a94 + 7584?
9458
In base 6, what is -445313 - -132?
-445141
In base 13, what is -6 + 17ab68?
17ab62
In base 3, what is 2 + -1222122110202?
-1222122110200
In base 10, what is 19 + -2957?
-2938
In base 14, what is 120 + -5065d?
-5053d
In base 4, what is -20132131022030 - 10?
-20132131022100
In base 5, what is -102304110211 + 21?
-102304110140
In base 9, what is 0 - -150151511?
150151511
In base 4, what is 22211330312 - 13?
22211330233
In base 15, what is -2 - 170c34?
-170c36
In base 14, what is -94d + -454?
-da3
In base 12, what is a074a28 + 4?
a074a30
In base 10, what is 5 + -1797458?
-1797453
In base 7, what is -2 - 641641434?
-641641436
In base 7, what is -61 + 202105064?
202105003
In base 9, what is 1677805222 + 0?
1677805222
In base 12, what is -22418503 + 1?
-22418502
In base 6, what is -10124251 - 114?
-10124405
In base 10, what is 10 + 542921?
542931
In base 3, what is -1 + -10211222212102?
-10211222212110
In base 9, what is -6 + -853547?
-853554
In base 8, what is -574 - 1764261?
-1765055
In base 4, what is 13 + 3303313121?
3303313200
In base 6, what is 1221122335 + 13?
1221122352
In base 12, what is -3 - -1134874?
1134871
In base 8, what is -706 - 3327604?
-3330512
In base 10, what is -3870 + 908?
-2962
In base 10, what is 1 + -61534216?
-61534215
In base 4, what is -112011132 + 201?
-112010331
In base 3, what is 121112221211 - -10101?
121120002012
In base 10, what is -80833097 - 2?
-80833099
In base 10, what is 92127 + -105?
92022
In base 7, what is -21 + 4651454?
4651433
In base 14, what is 26623 - 1b5?
2644c
In base 6, what is 50223052 + -4?
50223044
In base 13, what is -6 - 895432?
-895438
In base 13, what is 171603 - -26?
171629
In base 10, what is -36136 + -31695?
-67831
In base 5, what is -22344 - -3113?
-14231
In base 9, what is -15 + -28618457?
-28618473
In base 12, what is 142201b2 - -2?
142201b4
In base 5, what is -1300 + 21313230?
21311430
In base 9, what